*2 + 1 + 5*f. Suppose -5*t + y = -19, -2*t + 5*t - 13 = y. Is w(t) a prime number?
False
Is 5558/14*(1 - (2 - 2)) a prime number?
True
Suppose 0 = -j - 2*q - q + 52, -2*j + 2*q + 104 = 0. Let z = 91 - j. Is z composite?
True
Let d = -4 + 9. Let c = d - -26. Is c prime?
True
Suppose 7*m + 4*c - 485 = 2*m, -5*m + 2*c + 485 = 0. Is m composite?
False
Let h(f) = 2*f**2 + 1. Let q be h(2). Suppose -2 = 5*m - 12. Suppose m = s - q. Is s a prime number?
True
Suppose 0*c = -2*c + 2. Let u be -1 - c/(2/(-210)). Suppose -b = 4*d - 88, -4*d + 5*b + u = 2*b. Is d prime?
True
Is 0 + 2517 + -9 + 5 prime?
False
Suppose -12 = -3*x - 3. Suppose x*d = -0*d + 15. Suppose -h + d*o - o = -119, -h - 2*o = -131. Is h a prime number?
True
Suppose 2*o + 3 = 13. Let r(s) = s**3 - 5*s**2 + 5*s - 4. Is r(o) a prime number?
False
Suppose 0 = -4*x - 14 - 10. Let u(z) = -86*z - 15. Is u(x) a composite number?
True
Is ((-2)/6)/((-1)/5793) a composite number?
False
Let v be 99/(2*1/14). Let c = v - 214. Is c a composite number?
False
Let w = 21 - 18. Suppose 4*c - 3*k - 50 = 0, -k + w*k = -3*c + 29. Is c composite?
False
Let p = -38 + 21. Let g = -2 - p. Is g composite?
True
Let j = 1388 + -801. Is j composite?
False
Let c(t) = -31*t - 5. Let k be c(-4). Let w = k - -10. Is w a composite number?
True
Suppose j + 11 - 77 = 0. Suppose b - 3*b = -j. Is b a prime number?
False
Suppose 0 = -p - 3*p + 640. Suppose -4*f - p = -2*v, -5*v + 4*f + 19 + 399 = 0. Let a = v - 37. Is a a composite number?
True
Suppose -10810 = -8*j - 2*j. Is j a prime number?
False
Suppose 8*i - 1881 = 5*i. Suppose 3*p + 2*a = 469, 3*p + p = -a + i. Is p a prime number?
True
Let a(l) = l**3 + 2*l**2 - l. Let r be a(-2). Suppose -r*b = b - 45. Is b a composite number?
True
Suppose -4*u - 2*m = -1068, -1252 = -3*u + 2*m - 465. Is u a composite number?
True
Let v(b) = b**3 - b**2 - b + 6. Let m be v(0). Let n = m + -2. Is (-90)/(-25)*10/n prime?
False
Let h(v) = v**3 - 21*v**2 - 14*v + 1. Is h(22) prime?
False
Suppose 4 = -y, -233 = -2*i - i - y. Is i prime?
True
Suppose u = 3*u - 8. Suppose z - 243 = -5*x, -4*x = -u*z - 23 + 1043. Is z a prime number?
False
Let j(c) = c**3 - 6*c**2 - 6*c. Let q be j(7). Suppose -q*r + 3*r = 0. Let z(u) = u + 46. Is z(r) composite?
True
Suppose -2*r = r + 24. Let l = r - -12. Suppose o + o - 32 = 2*b, 3*o - l*b - 49 = 0. Is o a prime number?
False
Let w(k) = -2*k**3 - 3*k**2 + 5*k + 5. Let r be w(-5). Suppose -r = -5*n - 0*n. Is n a prime number?
True
Let h = 1680 + 302. Is h prime?
False
Let t be 8/6*(0 + -3). Let r(m) = -5*m**3 - 8*m**2 + 7. Let s(h) = -h**3 - h**2 - h + 1. Let p(i) = -r(i) + 4*s(i). Is p(t) a prime number?
True
Suppose -5*z + 2862 = 4*d - 3*d, 0 = -4*z - 2*d + 2286. Is z a composite number?
True
Suppose -82 = -j - 8. Suppose -6*t + j = -3*t + 2*q, -q = 5*t - 128. Is t prime?
False
Suppose -6*l = -2*l. Suppose l*y + 8 = -4*y. Is 2 + -6*39/y a composite number?
True
Suppose 4*o + 4084 + 810 = 2*g, -2*g + 5*o = -4899. Is g a prime number?
True
Let q = 206 - 26. Suppose q = 4*r - 4*c, 2 = 2*c - c. Is r a composite number?
False
Let o = 337 - 8. Is o prime?
False
Let z be (-2)/5 + 1962/30. Suppose f = -0*f + z. Is f prime?
False
Let s = -8 + 7. Is ((1 - 1) + s)*-19 a prime number?
True
Let n be (6*1)/(3/9). Let i be (-44)/36 - (-4)/n. Is (-6 - (2 + -2))/i a prime number?
False
Let d(x) = -90*x - 5. Is d(-3) a composite number?
True
Suppose 11*n - 8*n - 2298 = 0. Is n a composite number?
True
Let o = 2357 + -492. Is o a prime number?
False
Suppose 0*i - 5*r + 7 = i, -2 = r. Suppose 5 = 3*z + i, 3*z + 92 = 5*j. Let w = -9 + j. Is w a prime number?
True
Suppose d - y + 37 = 5*d, 4*y = -2*d + 22. Let l(o) = 2*o**2 - 5*o - 8. Is l(d) a prime number?
True
Let y be (-2 - 1*-403)/1. Suppose -y = -5*f - 2*l, 0*l = 3*f + 2*l - 243. Is f prime?
True
Let f(q) = 2*q + 7. Let a be f(-6). Let l(r) = -9*r + 6. Is l(a) prime?
False
Let u(x) = x - 16. Let h be (1/(-2))/((-4)/96). Let t be u(h). Let w(k) = -2*k - 2. Is w(t) prime?
False
Suppose -3128 = -4*m - 2*t + 7*t, 0 = -m + 5*t + 767. Is m a prime number?
True
Let i = 56 + 93. Is i prime?
True
Let q(r) be the first derivative of r**4/6 - r**3/3 - 3*r**2/2 + r + 1. Let f(d) be the first derivative of q(d). Is f(-4) a prime number?
True
Let w(o) = -30*o + 19. Is w(-16) a composite number?
False
Let d(a) = -a + 8. Let i be d(4). Suppose 1828 = i*n + n + 3*w, 0 = 4*n + 4*w - 1464. Is n a composite number?
True
Suppose 9*d = 10*d - 3. Suppose 0 = 2*g - 4*l - 70, -2*l = -d*g + 3*l + 100. Is g composite?
True
Let q be 2*((3 - 1) + 111). Is 1/3 - q/(-6) a prime number?
False
Suppose 0 = 5*m - 41 - 14. Is m a prime number?
True
Let b(x) = x**3 + 8*x**2 + 8*x - 1. Let i be b(-7). Let o(p) = p**2 + 4*p + 12. Let m be o(i). Let u = m + 75. Is u a prime number?
False
Suppose 4*v + 2545 = -1003. Is 1 + (1 + -2 - v) composite?
False
Let u(r) = -r**2 + 11*r - 1. Let v be u(9). Let n = -10 + v. Suppose -5*b = -5*m + 55, 5*m - 62 - n = -2*b. Is m composite?
False
Let z(q) be the third derivative of q**5/60 + q**4/6 - q**3 + 2*q**2. Let u be z(-7). Suppose -5*a + 90 = 5*x, -54 = -2*x - 3*a - u. Is x a prime number?
False
Let g(v) = v**2 + 8*v - 22. Is g(11) a prime number?
False
Suppose 5*f = -0*f - 10. Let b be ((-45)/6)/(f/8). Suppose 2*i - 261 = 5*u, 2*i + 4*u = b + 204. Is i composite?
True
Let u be 12/(-8)*(-12)/9. Suppose 0 = -5*w + u*l + l + 1645, -w + l + 331 = 0. Is w a composite number?
True
Let b be 2/4*(5 - 1). Is b + 0 - (-12)/1 composite?
True
Let j be (-34)/3*(6 + 45). Let g = 915 + j. Is g prime?
True
Let n(u) = 31*u**2 - 1. Is n(2) composite?
True
Let u(o) = o + 5. Let k be u(-4). Let g be ((-6)/(-3) + -9)/k. Let m(j) = -j**3 - 5*j**2 + 8*j - 9. Is m(g) a composite number?
True
Let x be ((-16)/40)/(1/10). Is (634/1)/(x/(-2)) prime?
True
Suppose 6*g - 7*g + 121 = 0. Is g a composite number?
True
Let h(b) = -b**2 - 2*b + 149. Is h(0) a composite number?
False
Let s = 4 + -2. Let r(i) = 3*i - 4*i + 7*i**3 + s*i + 3*i**3. Is r(1) a prime number?
True
Let a = -1 - -6. Suppose a*u - 80 - 160 = 0. Suppose 3*n + 3*s = u, -2*n + s + 38 = 6*s. Is n prime?
False
Suppose 6*g - 6415 = 287. Is g a prime number?
True
Let x(m) be the first derivative of m**2/2 - m - 3. Let f be x(6). Suppose -4*n + 82 = -2*g, -n - n + 47 = f*g. Is n prime?
False
Let f be ((-42)/(-5))/((-6)/(-260)). Let z = f + -245. Let c = -66 + z. Is c a composite number?
False
Suppose -2*l = 3 - 23. Let r = l - 19. Is (-1)/3 + (-336)/r composite?
False
Suppose 2*t = 3*s - 4, -t + 6*t = -5*s - 35. Let y(o) = -6*o + 6. Let h(v) = -v. Let u(z) = -3*h(z) + y(z). Is u(t) a composite number?
True
Suppose 5*d = -9649 + 27174. Is d composite?
True
Is (-12)/8*(-1002)/9 prime?
True
Suppose 3*c + 3*z - 177 = 4*z, 67 = c - 3*z. Is c composite?
True
Let a be 1334/6 + 8/12. Let w = a + -110. Is w a composite number?
False
Let g be ((-18)/27)/(2/(-3)). Is g + 56 + 3 + -3 a composite number?
True
Is 6*(-1)/2 - -589 a composite number?
True
Let d be 3 + (742 - (-1 + 2)). Let f = d - 227. Is f prime?
False
Is (7/3)/((-6)/(-738)) prime?
False
Suppose 2*w - 20 = -2*w. Suppose 0 = -i + w*i - 204. Is i prime?
False
Let r be 12/16 - 10/(-8). Suppose r*j = 6*j - 52. Is j a prime number?
True
Let q(y) = y**2 - 14*y + 5. Let f be q(14). Suppose -f*t + 3*n = -92, 5*n - 26 = -t - 2. Is t prime?
True
Suppose -6*p + 1309 = p. Is p a composite number?
True
Let m(h) = h**3 - h + 4. Let n be m(0). Let w = 4 - 2. Suppose -n*v = -10 + w. Is v composite?
False
Let d(i) = i**2 - 10*i - 25. Is d(-18) prime?
True
Let s be (-518)/(-21)*(2 - -1). Suppose 0 = 5*n + 20, -3*p - n + s = -33. Is p a composite number?
False
Suppose 3*t - 14695 = -2*t. Is t composite?
False
Suppose 4*a - 3*a = 299. Is a a composite number?
True
Let n be (-1)/(-5) + (-84)/(-30). Suppose 735 = n*x + 120. Is x prime?
False
Let s be 0 - (-27)/(-6)*-2. Let p(v) = -5*v + 5*v - 3*v + 12 + 2*v. Is p(s) a prime number?
True
Let t(i) = -9*i - 2. Is t(-13) a prime number?
False
Suppose -p + 9 = 5*y, -3*p - y + 27 = 3*y. Is 457/p + 6/27 a prime number?
False
Suppose -2*j = -3*j + 211. Suppose -2*l = -l - j. Is l prime?
True
Let b = 94 - 51. Suppose 0 = 4*t + d - 4*d - b, 3*t - 25 = -5*d. Is t a prime number?
False
Suppose 0 = 3*w + 2*w - 1965.